r of 175 and 4235.
35
What is the greatest common divisor of 13505 and 370?
185
What is the greatest common divisor of 6296 and 8?
8
What is the greatest common factor of 323 and 19?
19
Calculate the greatest common divisor of 8 and 57840.
8
Calculate the greatest common divisor of 21 and 147.
21
Calculate the greatest common factor of 730 and 2847.
73
What is the highest common factor of 61 and 61?
61
What is the highest common divisor of 8 and 16?
8
Calculate the highest common factor of 17 and 17.
17
What is the highest common factor of 390 and 2886?
78
What is the greatest common divisor of 405 and 1290?
15
What is the greatest common factor of 184 and 40?
8
What is the greatest common divisor of 835 and 65?
5
Calculate the highest common divisor of 1233 and 3425.
137
Calculate the greatest common factor of 538 and 22.
2
Calculate the greatest common divisor of 1683 and 495.
99
What is the greatest common factor of 2669 and 17?
17
What is the highest common divisor of 5988 and 36?
12
Calculate the greatest common factor of 14 and 791.
7
Calculate the greatest common factor of 170 and 595.
85
Calculate the greatest common divisor of 190 and 250.
10
What is the highest common factor of 948 and 12?
12
What is the highest common divisor of 48 and 1744?
16
Calculate the greatest common divisor of 1763 and 779.
41
Calculate the highest common divisor of 1504 and 94.
94
What is the highest common divisor of 210 and 483?
21
What is the highest common divisor of 212 and 4187?
53
Calculate the highest common divisor of 195 and 285.
15
Calculate the highest common divisor of 2071 and 327.
109
What is the highest common divisor of 140 and 105?
35
Calculate the highest common divisor of 1940 and 22892.
388
What is the greatest common factor of 153 and 34?
17
Calculate the greatest common factor of 522 and 36.
18
Calculate the highest common factor of 20 and 42620.
20
What is the highest common divisor of 437 and 9?
1
What is the greatest common divisor of 7610 and 110?
10
What is the highest common factor of 88 and 11?
11
What is the highest common factor of 180 and 936?
36
Calculate the greatest common divisor of 88 and 56.
8
What is the highest common factor of 144 and 45?
9
Calculate the highest common divisor of 84 and 1596.
84
Calculate the greatest common factor of 25 and 480.
5
What is the highest common divisor of 18 and 6714?
18
What is the highest common factor of 125 and 7625?
125
Calculate the greatest common divisor of 35 and 511.
7
What is the greatest common divisor of 9204 and 24?
12
What is the greatest common divisor of 132 and 24?
12
What is the highest common divisor of 50 and 1610?
10
Calculate the greatest common divisor of 24187 and 134.
67
Calculate the highest common factor of 30 and 996.
6
Calculate the highest common divisor of 2016 and 18.
18
Calculate the highest common divisor of 5111 and 1883.
269
Calculate the greatest common divisor of 1645 and 245.
35
What is the highest common divisor of 284 and 639?
71
What is the greatest common divisor of 192 and 8496?
48
Calculate the greatest common factor of 8703 and 18.
9
Calculate the highest common divisor of 4440 and 960.
120
What is the highest common factor of 3097 and 2119?
163
Calculate the greatest common factor of 8932 and 464.
116
What is the highest common factor of 810 and 3726?
162
What is the highest common factor of 944 and 16?
16
What is the greatest common factor of 4356 and 220?
44
What is the greatest common divisor of 160 and 324?
4
Calculate the highest common factor of 45 and 10020.
15
Calculate the greatest common divisor of 30086 and 98.
98
Calculate the highest common factor of 67550 and 350.
350
What is the highest common divisor of 5828 and 4?
4
What is the greatest common factor of 5546 and 118?
118
What is the greatest common factor of 737 and 209?
11
Calculate the greatest common factor of 32 and 3152.
16
What is the highest common factor of 57 and 25061?
19
Calculate the highest common factor of 6 and 1964.
2
Calculate the highest common divisor of 23 and 13501.
23
What is the greatest common divisor of 80 and 14920?
40
Calculate the greatest common factor of 230 and 430.
10
Calculate the highest common divisor of 294 and 61887.
147
What is the highest common divisor of 12365 and 5?
5
What is the highest common factor of 19532 and 76?
76
Calculate the greatest common factor of 90 and 945.
45
Calculate the greatest common factor of 2168 and 24.
8
What is the highest common divisor of 1362 and 6?
6
What is the greatest common divisor of 11 and 737?
11
What is the highest common divisor of 11 and 11?
11
Calculate the greatest common divisor of 3065 and 5.
5
Calculate the greatest common divisor of 114 and 36.
6
Calculate the greatest common divisor of 720 and 16.
16
What is the highest common divisor of 64 and 14528?
64
What is the greatest common factor of 7049 and 133?
133
What is the greatest common divisor of 28 and 2044?
28
Calculate the greatest common divisor of 37 and 5994.
37
What is the greatest common factor of 533 and 41?
41
Calculate the highest common divisor of 1045 and 495.
55
What is the greatest common divisor of 8 and 972?
4
Calculate the highest common factor of 18 and 558.
18
What is the highest common factor of 56 and 32?
8
Calculate the greatest common divisor of 90 and 7110.
90
Calculate the greatest common factor of 40 and 3490.
10
Calculate the highest common divisor of 328 and 451.
41
Calculate the highest common factor of 28 and 8.
4
What is the greatest common factor of 1652 and 28?
28
What is the greatest common factor of 480 and 912?
48
What is the greatest common factor of 7 and 763?
7
What is the greatest common factor of 1581 and 34?
17
What is the greatest common divisor of 144 and 657?
9
What is the greatest common factor of 37036 and 591?
197
What is the greatest common factor of 3 and 507?
3
Calculate the highest common divisor of 4087 and 183.
61
What is the greatest common divisor of 483 and 273?
21
Calculate the greatest common divisor of 667 and 46.
23
Calculate the highest common factor of 1428 and 136.
68
What is the greatest common factor of 60 and 12?
12
What is the highest common divisor of 92 and 161?
23
Calculate the highest common divisor of 20 and 4660.
20
What is the greatest common factor of 27 and 18?
9
What is the highest common divisor of 46 and 69?
23
What is the highest common divisor of 1742 and 1474?
134
What is the highest common factor of 6 and 150?
6
What is the highest common factor of 156 and 120?
12
Calculate the highest common factor of 612 and 187.
17
What is the highest common factor of 49 and 105?
7
What is the greatest common factor of 558 and 6?
6
What is the highest common factor of 57 and 513?
57
What is the highest common factor of 550 and 605?
55
Calculate the highest common factor of 60 and 1100.
20
What is the greatest common divisor of 3521 and 28?
7
Calculate the greatest common divisor of 176 and 44.
44
Calculate the highest common divisor of 3 and 3.
3
What is the greatest common factor of 3325 and 2450?
175
What is the greatest common factor of 1422 and 18?
18
Calculate the highest common factor of 2375 and 375.
125
Calculate the highest common factor of 2247 and 105.
21
Calculate the greatest common factor of 13 and 793.
13
Calculate the highest common factor of 896 and 728.
56
Calculate the greatest common divisor of 190 and 1444.
38
Calculate the highest common factor of 264 and 1144.
88
What is the greatest common factor of 159 and 3392?
53
Calculate the highest common divisor of 754 and 116.
58
Calculate the highest common divisor of 6912 and 108.
108
Calculate the highest common factor of 68 and 3298.
34
Calculate the greatest common divisor of 18 and 243.
9
What is the highest common factor of 22 and 3322?
22
Calculate the greatest common factor of 120 and 130.
10
What is the highest common factor of 1633 and 142?
71
What is the greatest common factor of 48 and 15?
3
What is the greatest common factor of 3 and 834?
3
Calculate the highest common factor of 132 and 858.
66
Calculate the greatest common factor of 580 and 50.
10
What is the highest common factor of 3400 and 120?
40
Calculate the highest common divisor of 655 and 1572.
131
What is the greatest c